{"id":1699,"date":"2024-06-21T04:40:09","date_gmt":"2024-06-21T04:40:09","guid":{"rendered":"https:\/\/iem-elencano.edu.co\/?page_id=1699"},"modified":"2025-05-07T04:03:48","modified_gmt":"2025-05-07T04:03:48","slug":"1-2-10","status":"publish","type":"page","link":"https:\/\/iem-elencano.edu.co\/index.php\/1-2-10\/","title":{"rendered":"Escuela Rural Mixta El Romerillo"},"content":{"rendered":"\n<div id=\"wp-block-themeisle-blocks-advanced-columns-d3fcf249\" class=\"wp-block-themeisle-blocks-advanced-columns has-1-columns has-desktop-equal-layout has-tablet-equal-layout has-mobile-equal-layout has-vertical-unset\"><div class=\"wp-block-themeisle-blocks-advanced-columns-overlay\"><\/div><div class=\"innerblocks-wrap\">\n<div id=\"wp-block-themeisle-blocks-advanced-column-cba996b4\" class=\"wp-block-themeisle-blocks-advanced-column\">\n<div class=\"wp-block-cover alignwide is-light wp-duotone-0d5d8b-ffffff-1\"><img fetchpriority=\"high\" decoding=\"async\" width=\"1600\" height=\"721\" class=\"wp-block-cover__image-background wp-image-1777\" alt=\"\" src=\"https:\/\/iem-elencano.edu.co\/wp-content\/uploads\/2024\/06\/WhatsApp-Image-2024-06-12-at-10.14.14-PM-1-1-2.jpeg\" style=\"object-position:77% 50%\" data-object-fit=\"cover\" data-object-position=\"77% 50%\" srcset=\"https:\/\/iem-elencano.edu.co\/wp-content\/uploads\/2024\/06\/WhatsApp-Image-2024-06-12-at-10.14.14-PM-1-1-2.jpeg 1600w, https:\/\/iem-elencano.edu.co\/wp-content\/uploads\/2024\/06\/WhatsApp-Image-2024-06-12-at-10.14.14-PM-1-1-2-300x135.jpeg 300w, https:\/\/iem-elencano.edu.co\/wp-content\/uploads\/2024\/06\/WhatsApp-Image-2024-06-12-at-10.14.14-PM-1-1-2-1024x461.jpeg 1024w, https:\/\/iem-elencano.edu.co\/wp-content\/uploads\/2024\/06\/WhatsApp-Image-2024-06-12-at-10.14.14-PM-1-1-2-768x346.jpeg 768w, https:\/\/iem-elencano.edu.co\/wp-content\/uploads\/2024\/06\/WhatsApp-Image-2024-06-12-at-10.14.14-PM-1-1-2-1536x692.jpeg 1536w\" sizes=\"(max-width: 1600px) 100vw, 1600px\" \/><span aria-hidden=\"true\" class=\"wp-block-cover__background has-background-dim-30 has-background-dim\" style=\"background-color:#818488\"><\/span><div class=\"wp-block-cover__inner-container is-layout-flow wp-block-cover-is-layout-flow\">\n<div class=\"wp-block-group\"><div class=\"wp-block-group__inner-container is-layout-constrained wp-block-group-is-layout-constrained\">\n<div class=\"wp-block-columns is-layout-flex wp-container-core-columns-is-layout-9d6595d7 wp-block-columns-is-layout-flex\">\n<div class=\"wp-block-column is-layout-flow wp-block-column-is-layout-flow\" style=\"flex-basis:100%\">\n<h1 id=\"wp-block-themeisle-blocks-advanced-heading-8a1ed9b8\" class=\"wp-block-themeisle-blocks-advanced-heading wp-block-themeisle-blocks-advanced-heading-8a1ed9b8 o-typing-delay-100ms o-typing-fast  has-dark-bg\"><strong><o-anim-typing>Sede El Romerillo<\/o-anim-typing><\/strong><\/h1>\n<\/div>\n<\/div>\n<\/div><\/div>\n\n\n\n<p><\/p>\n<\/div><\/div>\n\n\n\n<div class=\"wp-block-columns is-layout-flex wp-container-core-columns-is-layout-9d6595d7 wp-block-columns-is-layout-flex\">\n<div class=\"wp-block-column is-layout-flow wp-block-column-is-layout-flow\">\n<h2 class=\"wp-block-heading has-text-align-center\">Bienvenidos<\/h2>\n<\/div>\n<\/div>\n\n\n\n<p class=\"has-medium-font-size\">La Escuela Romerillo, perteneciente a la Instituci\u00f3n Educativa Municipal El Encano, se ubica en la vereda Romerillo, en la pintoresca zona de la Laguna de La Cocha. Este para\u00edso natural se conecta a trav\u00e9s de dos rutas: una v\u00eda fluvial que invita a un tranquilo recorrido de 30 minutos por el agua desde la vereda El Puerto, y una carretera que serpentea por el lado occidental de la laguna, atravesando las veredas Casapamba, Carrizo y Motil\u00f3n hasta llegar a Romerillo.<\/p>\n\n\n\n<p class=\"has-medium-font-size\">Actualmente se encuentran matriculados trece estudiantes desde preescolar hasta quinto grado, en jornada \u00fanica. La docente es la principal responsable de la educaci\u00f3n, aunque tambi\u00e9n cuenta con el apoyo de la manipuladora de alimentos, quien vela por el bienestar de los estudiantes. Entre las actividades destacadas que se realizan en la sede se incluyen salidas pedag\u00f3gicas, recorridos para conocer el entorno, di\u00e1logos de saberes y visitas a algunos abuelos para aprender sobre el territorio, adem\u00e1s de las actividades acad\u00e9micas regulares que se llevan a cabo para fomentar el aprendizaje y el conocimiento de los estudiantes.<\/p>\n\n\n\n<p class=\"has-medium-font-size\">La comunidad de esta regi\u00f3n est\u00e1 profundamente arraigada en la tradici\u00f3n agr\u00edcola, dedic\u00e1ndose al cultivo de plantas ornamentales y arom\u00e1ticas, la huerta biodiversa, y la producci\u00f3n ganadera con una variedad de especies menores como cuyes, cerdos y vacas de leche. Adem\u00e1s, en esta zona se cr\u00edan truchas en jaulas flotantes, lo que demuestra la diversidad de actividades econ\u00f3micas y dom\u00e9sticas que caracterizan a la comunidad.<\/p>\n\n\n\n<p class=\"has-medium-font-size\">Los habitantes de Romerillo son familias unidas que participan activamente en la vida comunal y mantienen vivas sus tradiciones y creencias religiosas. La minga, una pr\u00e1ctica ancestral de trabajo comunitario, es una muestra de c\u00f3mo estas familias colaboran y fortalecen el tejido social a trav\u00e9s de acciones solidarias y colectivas.<\/p>\n\n\n\n<h2 id=\"wp-block-themeisle-blocks-advanced-heading-3d7bf481\" class=\"wp-block-themeisle-blocks-advanced-heading wp-block-themeisle-blocks-advanced-heading-3d7bf481\">Galer\u00eda de im\u00e1genes<\/h2>\n\n\n\n<!DOCTYPE html>\n<html lang=\"es\">\n<head>\n    <meta charset=\"UTF-8\">\n    <meta name=\"viewport\" content=\"width=device-width, initial-scale=1.0\">\n    <title>Galer\u00eda<\/title>\n    <!-- Incluyendo estilos de Glide.js -->\n    <link rel=\"stylesheet\" href=\"https:\/\/cdn.jsdelivr.net\/npm\/@glidejs\/glide@3.4.1\/dist\/css\/glide.core.min.css\">\n    <link rel=\"stylesheet\" href=\"https:\/\/cdn.jsdelivr.net\/npm\/@glidejs\/glide@3.4.1\/dist\/css\/glide.theme.min.css\">\n    <style>\n        body {\n            font-family: Arial, sans-serif;\n        }\n        .glide {\n            width: 80%;\n            margin: 0 auto;\n        }\n        .glide__slide img {\n            width: 100%;\n            height: 400px;\n            object-fit: cover;\n        }\n    <\/style>\n<\/head>\n<body>\n\n<center>\n<div id=\"wp-block-themeisle-blocks-slider-95bbd6f8\" class=\"wp-block-themeisle-blocks-slider alignwide glide\" data-per-view=\"1\" data-gap=\"0\" data-peek=\"0\" data-autoplay=\"true\" data-height=\"400px\" data-hide-arrows=\"false\" data-transition=\"ease-in\">\n    <div class=\"glide__track\" data-glide-el=\"track\">\n        <div class=\"glide__slides\">\n            <div class=\"wp-block-themeisle-blocks-slider-item-wrapper glide__slide\" tabindex=\"0\">\n                <figure>\n                    <img decoding=\"async\" class=\"wp-block-themeisle-blocks-slider-item\" src=\"https:\/\/iem-elencano.edu.co\/wp-content\/uploads\/2024\/06\/WhatsApp-Image-2024-06-12-at-10.14.13-PM-2-1024x461.jpeg\" alt=\"\" title=\"\" data-id=\"2030\"\/>\n                <\/figure>\n            <\/div>\n            <div class=\"wp-block-themeisle-blocks-slider-item-wrapper glide__slide\" tabindex=\"0\">\n                <figure>\n                    <img decoding=\"async\" class=\"wp-block-themeisle-blocks-slider-item\" src=\"https:\/\/iem-elencano.edu.co\/wp-content\/uploads\/2024\/06\/WhatsApp-Image-2024-06-12-at-10.14.14-PM-1-1-3-1024x461.jpeg\" alt=\"\" title=\"\" data-id=\"2031\"\/>\n                <\/figure>\n            <\/div>\n            <div class=\"wp-block-themeisle-blocks-slider-item-wrapper glide__slide\" tabindex=\"0\">\n                <figure>\n                    <img decoding=\"async\" class=\"wp-block-themeisle-blocks-slider-item\" src=\"https:\/\/iem-elencano.edu.co\/wp-content\/uploads\/2024\/06\/WhatsApp-Image-2024-06-12-at-10.14.14-PM-1-4-1024x461.jpeg\" alt=\"\" title=\"\" data-id=\"2032\"\/>\n                <\/figure>\n            <\/div>\n        <\/div>\n        <div class=\"glide__bullets\" data-glide-el=\"controls[nav]\">\n            <button class=\"glide__bullet\" data-glide-dir=\"=0\"><\/button>\n            <button class=\"glide__bullet\" data-glide-dir=\"=1\"><\/button>\n            <button class=\"glide__bullet\" data-glide-dir=\"=2\"><\/button>\n        <\/div>\n    <\/div>\n<\/div>\n<\/center>\n\n<!-- Incluyendo scripts de Glide.js -->\n<script src=\"https:\/\/cdn.jsdelivr.net\/npm\/@glidejs\/glide@3.4.1\/dist\/glide.min.js\"><\/script>\n<script>\n    document.addEventListener('DOMContentLoaded', function() {\n        new Glide('.glide', {\n            type: 'carousel',\n            startAt: 0,\n            perView: 1,\n            autoplay: 3000,\n            animationTimingFunc: 'ease-in'\n        }).mount();\n    });\n<\/script>\n\n<\/body>\n<\/html>\n\n\n\n<div style=\"height:var(--wp--preset--spacing--80)\" aria-hidden=\"true\" class=\"wp-block-spacer\"><\/div>\n\n\n\n<div style=\"height:var(--wp--preset--spacing--80)\" aria-hidden=\"true\" class=\"wp-block-spacer\"><\/div>\n<\/div>\n<\/div><\/div>\n\n\n\n<div id=\"wp-block-themeisle-blocks-advanced-columns-20ed0392\" class=\"wp-block-themeisle-blocks-advanced-columns has-1-columns has-desktop-equal-layout has-tablet-equal-layout has-mobile-equal-layout has-vertical-unset\"><div class=\"wp-block-themeisle-blocks-advanced-columns-overlay\"><\/div><div class=\"innerblocks-wrap\">\n<div id=\"wp-block-themeisle-blocks-advanced-column-217bba2c\" class=\"wp-block-themeisle-blocks-advanced-column\">\n<div class=\"wp-block-columns is-layout-flex wp-container-core-columns-is-layout-9d6595d7 wp-block-columns-is-layout-flex\">\n<div class=\"wp-block-column is-layout-flow wp-block-column-is-layout-flow\">\n<h2 id=\"wp-block-themeisle-blocks-advanced-heading-b3ab12d1\" class=\"wp-block-themeisle-blocks-advanced-heading wp-block-themeisle-blocks-advanced-heading-b3ab12d1\">Cecilia del Carmen Bacca L\u00f3pez<\/h2>\n\n\n\n<p id=\"wp-block-themeisle-blocks-advanced-heading-1020f957\" class=\"wp-block-themeisle-blocks-advanced-heading wp-block-themeisle-blocks-advanced-heading-1020f957\">Docente de la sede<\/p>\n<\/div>\n\n\n\n<div class=\"wp-block-column is-layout-flow wp-block-column-is-layout-flow\">\n<figure class=\"wp-block-image size-full\"><img decoding=\"async\" width=\"695\" height=\"974\" src=\"https:\/\/iem-elencano.edu.co\/wp-content\/uploads\/2025\/05\/Cecilia-Bacca.jpeg\" alt=\"\" class=\"wp-image-2352\" srcset=\"https:\/\/iem-elencano.edu.co\/wp-content\/uploads\/2025\/05\/Cecilia-Bacca.jpeg 695w, https:\/\/iem-elencano.edu.co\/wp-content\/uploads\/2025\/05\/Cecilia-Bacca-214x300.jpeg 214w\" sizes=\"(max-width: 695px) 100vw, 695px\" \/><\/figure>\n<\/div>\n<\/div>\n<\/div>\n<\/div><\/div>\n\n\n\n<div id=\"wp-block-themeisle-blocks-advanced-columns-5dfd25f6\" class=\"wp-block-themeisle-blocks-advanced-columns has-2-columns has-desktop-oneTwo-layout has-tablet-equal-layout has-mobile-collapsedRows-layout has-vertical-unset\"><div class=\"wp-block-themeisle-blocks-advanced-columns-overlay\"><\/div><div class=\"innerblocks-wrap\">\n<div id=\"wp-block-themeisle-blocks-advanced-column-87d9d7af\" class=\"wp-block-themeisle-blocks-advanced-column\">\n<h1 id=\"wp-block-themeisle-blocks-advanced-heading-1953038f\" class=\"wp-block-themeisle-blocks-advanced-heading wp-block-themeisle-blocks-advanced-heading-1953038f\">Ubicaci\u00f3n<\/h1>\n\n\n\n<div style=\"height:62px\" aria-hidden=\"true\" class=\"wp-block-spacer\"><\/div>\n\n\n\n<div class=\"wp-block-group is-nowrap is-layout-flex wp-container-core-group-is-layout-ad2f72ca wp-block-group-is-layout-flex\">\n<p id=\"wp-block-themeisle-blocks-advanced-heading-ee8c35a4\" class=\"wp-block-themeisle-blocks-advanced-heading wp-block-themeisle-blocks-advanced-heading-ee8c35a4\"> La institucion Educativa Municipal El Encano (Sede El Romerillo) se encuentra ubicada a 15 km de El Encano Centro.<\/p>\n<\/div>\n\n\n\n<div id=\"wp-block-themeisle-blocks-button-group-9939b0ab\" class=\"wp-block-themeisle-blocks-button-group collapse-desktop wp-block-buttons align-center-desktop\">\n<div id=\"wp-block-themeisle-blocks-button-547d14ff\" class=\"wp-block-themeisle-blocks-button wp-block-button ticss-ae6cf819\"><a href=\"https:\/\/maps.app.goo.gl\/HxDmJbu1iVbQEJua7\" target=\"_self\" rel=\"noopener noreferrer\" class=\"wp-block-button__link\"><span><font style=\"vertical-align: inherit;\"><font style=\"vertical-align: inherit;\">mapas de Google<\/font><\/font><\/span><\/a><\/div>\n<\/div>\n<\/div>\n\n\n\n<div id=\"wp-block-themeisle-blocks-advanced-column-927bc4fe\" class=\"wp-block-themeisle-blocks-advanced-column\">\n<center>\n<iframe  src=\"https:\/\/www.google.com\/maps\/embed?pb=!4v1718844898269!6m8!1m7!1sXtf7fFzYMq1xHJ_IWvZP7A!2m2!1d1.087337071984626!2d-77.16516688253635!3f333.91172618064775!4f-0.21041182489331334!5f0.7820865974627469\" width=\"400\" height=\"400\" style=\"border:0;\" allowfullscreen=\"\" loading=\"lazy\" referrerpolicy=\"no-referrer-when-downgrade\"><\/iframe>\n<\/center>\n<\/div>\n<\/div><\/div>\n\n\n\n<div style=\"height:100px\" aria-hidden=\"true\" class=\"wp-block-spacer\"><\/div>\n","protected":false},"excerpt":{"rendered":"","protected":false},"author":1,"featured_media":0,"parent":0,"menu_order":0,"comment_status":"closed","ping_status":"closed","template":"template-fullwidth.php","meta":{"_themeisle_gutenberg_block_has_review":false,"_ti_tpc_template_sync":false,"_ti_tpc_template_id":"","footnotes":""},"class_list":["post-1699","page","type-page","status-publish","hentry"],"_links":{"self":[{"href":"https:\/\/iem-elencano.edu.co\/index.php\/wp-json\/wp\/v2\/pages\/1699","targetHints":{"allow":["GET"]}}],"collection":[{"href":"https:\/\/iem-elencano.edu.co\/index.php\/wp-json\/wp\/v2\/pages"}],"about":[{"href":"https:\/\/iem-elencano.edu.co\/index.php\/wp-json\/wp\/v2\/types\/page"}],"author":[{"embeddable":true,"href":"https:\/\/iem-elencano.edu.co\/index.php\/wp-json\/wp\/v2\/users\/1"}],"replies":[{"embeddable":true,"href":"https:\/\/iem-elencano.edu.co\/index.php\/wp-json\/wp\/v2\/comments?post=1699"}],"version-history":[{"count":35,"href":"https:\/\/iem-elencano.edu.co\/index.php\/wp-json\/wp\/v2\/pages\/1699\/revisions"}],"predecessor-version":[{"id":2354,"href":"https:\/\/iem-elencano.edu.co\/index.php\/wp-json\/wp\/v2\/pages\/1699\/revisions\/2354"}],"wp:attachment":[{"href":"https:\/\/iem-elencano.edu.co\/index.php\/wp-json\/wp\/v2\/media?parent=1699"}],"curies":[{"name":"wp","href":"https:\/\/api.w.org\/{rel}","templated":true}]}}